Let a(j) = 8*j - 3 - 15*j + 8*j + 1. Let i = 11 - 8. Give a(i).
1
Suppose -4*p - 3 = -3*p. Let n(l) be the third derivative of l**4/24 - l**3/6 + 8*l**2 - l. Calculate n(p).
-4
Let u(x) = -6*x**3 - 10*x**2 + 14 + 2*x + 2*x**3 + 3*x**3. Let k be u(-10). Let m be -1 + k + 3 + -1. Let t(p) = -p - 1. Calculate t(m).
4
Let v be 0 - (-3)/(-6)*4. Let w be 2 - (-214)/(v - -1). Let a be w/44 - (-2)/(-11). Let l(f) = f**2 + 5*f - 4. What is l(a)?
-4
Let y be 4/3 + (-1)/3. Let d(k) be the second derivative of k**5/40 + k**3/6 - k. Let b(n) be the second derivative of d(n). Calculate b(y).
3
Let v(x) be the first derivative of x**4/4 + 8*x**3/3 + 7*x**2/2 + 6*x + 6. Calculate v(-7).
6
Let v(f) be the second derivative of f**5/20 - f**4/6 - 2*f**3/3 + f**2 + 5*f. Calculate v(3).
-1
Suppose -i + 2 = 0, 4*n + 5 + 41 = 5*i. Let a be 7/n + (-6)/27. Let r be (-2 - -1) + a - -2. Let v(c) = c + 4. What is v(r)?
4
Let j(q) = 7*q**3 - 14*q**2 + 6*q + 1. Let r(w) = 8*w**3 - 15*w**2 + 6*w + 2. Let a(d) = -7*j(d) + 6*r(d). Give a(7).
12
Let x(y) = 3*y - 6. Let b(v) = v**3 - 3*v**2 + 3*v - 4. Let r be b(3). Determine x(r).
9
Suppose 3*r - 2 = 4*o - 0*r, -4*o + 2 = -5*r. Let f(u) be the first derivative of -u**4/4 + u**3/3 + u**2 + 2*u + 8. Calculate f(o).
10
Let h = -14 + 16. Let t(q) = 4*q + 3 + 4 - q**2 + h - 5. What is t(4)?
4
Suppose 6*z - 3*z = 18. Let q(k) = k**2 - 6*k - 3. What is q(z)?
-3
Let c be (2 - (1 - -3)) + -2. Let d(g) = g - 4. What is d(c)?
-8
Suppose -12 = -2*l - 2*n - 0, 26 = l + 5*n. Let t(b) = 4*b**3 - b**2 + 1. Give t(l).
4
Let o be (-4)/1*3/4. Let f(d) be the first derivative of -6 + 5/2*d**2 + 1/3*d**3 + 4*d. Give f(o).
-2
Let n = 7 + -4. Let x(u) = u**2 - 4. Calculate x(n).
5
Let n(g) = -5*g + 11. Let c(h) = -4*h + 10. Let d(l) = 6*c(l) - 5*n(l). Suppose -2*t = -0*b + 4*b - 6, b - 3*t + 9 = 0. Calculate d(b).
5
Let h(o) = -o**3 - o**2 + 4. Let f be h(0). Let g(y) = -2*y - 2*y + 7*y - 2*y. Determine g(f).
4
Let n = -26 + 27. Suppose -s - 4*s = 5*m - 20, 0 = -5*m + 5*s + 20. Suppose x + n + m = 0. Let g(w) = -w**2 - 4*w + 3. Determine g(x).
-2
Let d(v) be the third derivative of v**6/120 + v**5/10 + v**4/24 + 4*v**3/3 - 28*v**2. Let n(i) = i**3 + 5*i**2 + 5*i - 2. Let r be n(-4). What is d(r)?
2
Let t = -3 - -14. Let j = t - 10. Let y(z) = -7*z + 1. Calculate y(j).
-6
Let j(m) be the first derivative of m**3/3 - m**2/2 + m - 39. Calculate j(0).
1
Let h(q) = -q**2 - q + 2. Suppose -m - 3*x = 4*m - 187, 5*x = m - 15. Let w = m - 23. Suppose 0 = 2*z + 2*z - w. What is h(z)?
-10
Suppose 0*y = y - 4. Let c(o) = o**2 - o - 3. Give c(y).
9
Suppose 8 = -6*o - 22. Let n(i) = -i + 2. Give n(o).
7
Suppose -2*f + 0 + 14 = 0. Let q(p) = -p**2 + 4 - 2*p**2 + 5*p**2 + f*p. Let b = -5 - -1. Give q(b).
8
Let h(c) = c**3 + 5*c**2 + 4*c + 7. Let g(z) = 3*z**3 + 15*z**2 + 13*z + 22. Let f(w) = 2*g(w) - 7*h(w). Give f(-4).
-13
Let j = -42 + 42. Let b(w) be the second derivative of 1/20*w**5 + 0*w**3 + j*w**4 + 3*w**2 - 2*w + 0. What is b(0)?
6
Suppose 6 = -m - p, m + 5*p = -43 + 17. Let y(u) = -1 - 14*u - 15*u - 3*u**3 + 28*u + 8*u**3. Give y(m).
-5
Let u(m) = -m + 2. Suppose 0*k + 5 = 5*k. Let g(y) = 1. Let i(j) = k*g(j) - u(j). Calculate i(3).
2
Let b be (21/9 - 3)*9. Let n(c) = c**3 + 7*c**2 + 6*c + 5. Determine n(b).
5
Let f(h) = -6*h**2 - 2*h - 2. Let c(a) = -5*a**2 - 2*a - 2. Let i(m) = 7*c(m) - 6*f(m). Calculate i(4).
6
Let z(w) = -w + 12. Suppose -6*l = l - 70. What is z(l)?
2
Let n(u) = 5*u**2 + u**2 - 4*u**2 + u - u**2. What is n(-2)?
2
Let j(n) be the first derivative of 2*n - 1/3*n**3 + 6 + 5/2*n**2 - 1/4*n**4. Suppose r = v - 0*r + 8, 5 = r. What is j(v)?
5
Let s(t) = t**3 - 6*t**2 - 2*t + 6. Suppose -2*a + 32 = 5*r, -3*r - r = a - 25. Determine s(r).
-6
Let h(b) = -2*b + 10. Let d be h(9). Let o(a) = a + 8. Let c be o(d). Suppose c = 3*i - 6*i. Let w(v) = v - 8. Give w(i).
-8
Suppose 10 + 2 = 2*r. Let h(d) = -d**3 + 6*d**2 + d - 1. Let x be h(r). Suppose -15 = -x*c + 5. Let o(m) = -m + 1. Determine o(c).
-3
Let g = -1 - -2. Let o(w) = -9*w - 2. Suppose 4*l = -0*l + 3*t + 19, 0 = l - 3*t + 2. Let s(h) = 28*h + 7. Let z(j) = l*o(j) + 2*s(j). Determine z(g).
-7
Let c(p) = -12*p**3 - 3*p**2 - 2*p - 3. Let d(s) = -11*s**3 - 4*s**2 - 3*s - 4. Let b(j) = 4*c(j) - 3*d(j). Give b(1).
-14
Let h = 8 + -7. Let z(n) = 4 + h + 0 - n + 2. Suppose 4*g = 2*g. Give z(g).
7
Let t(d) be the third derivative of -d**4/12 + 2*d**3/3 - d**2. Let g be 42/9*3/2. Suppose -5*a + 13 + g = 0. Give t(a).
-4
Let u(h) = -2*h**2 + h + 1. Let o be u(-1). Let z(q) = 2*q**3 - 5*q**2 + 3*q - 1. Let d be z(3). Let i(l) = -2*l + d - 19 + 6*l. Determine i(o).
-10
Let n(z) = -5*z**2 - z**2 - 1 + 6*z**2 - z**2. Determine n(1).
-2
Let t(b) = -3*b**2 - 4*b - 4. Let q(h) = 4*h**2 + 3*h + 4. Let r(o) = o**2 + 9*o + 3. Let f be r(-9). Let z(m) = f*t(m) + 2*q(m). What is z(-3)?
5
Let b(o) = 222*o**2 - 221*o**2 - o**3 + 5*o - 2 - 6*o. What is b(0)?
-2
Let v = -80 + 84. Let d(c) = -c**3 + 3*c**2 + 3*c + 3. Give d(v).
-1
Let u = 6 + -11. Let q = 24 + -9. Let w(m) = 3 - q*m + 3 + 16*m. Determine w(u).
1
Let f(m) = m. Let v(s) = -2*s**3 - 3*s**2 - 4*s - 3. Let p be v(-2). Suppose 3*n + 6 = -3*h, -5*h - 31 + p = 2*n. Give f(h).
-6
Let i(v) = -4*v**2 - 3*v + 5. Let d(m) = 3*m**2 + 2*m - 4. Let g(l) = -3*d(l) - 2*i(l). Suppose -2*z + 6 = 10. Give g(z).
-2
Let h(x) = -x**2 + 6*x + 1. Let z be h(6). Let j(v) = -v**3 + v**2 + v + 1. Let s(t) = -t**3 + 4*t**2 + 5*t + 6. Let n(i) = z*s(i) - 6*j(i). Give n(-1).
-6
Let d(l) = 2 - l**2 - 8*l - 6*l + 4*l**2 + l**3 + 9*l. Let t be (-3)/(2 - 5/4). Determine d(t).
6
Let t(v) = 2*v. Let p(l) be the second derivative of -l**5/20 + l**4/3 - l**3/2 + l**2/2 - 3*l. Let d be p(3). Give t(d).
2
Let p(u) = -5*u - 28. Let z be p(-6). Let v(w) = -3*w**2 + 2*w - 2. Calculate v(z).
-10
Let j = 28 - 17. Suppose 5 = -2*x + j. Let h(m) = m - 3. Give h(x).
0
Let f = 2 + -6. Let u(i) = -3*i**3 - 3*i**2 + 3*i + 3. Let b(r) = -10*r**3 - 9*r**2 + 8*r + 8. Let l(q) = 2*b(q) - 7*u(q). What is l(f)?
-1
Let s = -54 + 51. Let b(a) = a**3 + 2*a**2 - a - 1. Calculate b(s).
-7
Let v = 0 + 0. Suppose -3*i + 5*k + 15 = 0, 4*k - 1 + 13 = -i. Let m be 5 - v/(i - -2). Let a(j) = -j**3 + 5*j**2 - j - 3. Determine a(m).
-8
Let t(x) = 5*x**2 - x**3 - 6 + 2*x + 3*x**2 - 3*x**2. Suppose -5*y = -2*a + 3*a + 80, -4*a = 0. Let k = -11 - y. Give t(k).
4
Let j(d) be the third derivative of 19*d**4/24 + d**3/6 + 37*d**2. Determine j(1).
20
Suppose -33*b = -25*b. Let g(f) be the third derivative of -f**4/24 - f**3 + f**2. Give g(b).
-6
Let l(m) = -m. Suppose -2*v = -2*w - 4, -v = 4*w - 7*w - 2. Suppose 60 = 6*n - v*n. Suppose -t - 2*d = d + 15, n = 3*t - 3*d. What is l(t)?
0
Let v be 10/30 + (-16)/3. Let g = v + 2. Let z(a) = -a. Give z(g).
3
Let a = -1 + 2. Let o(k) = -5*k + 0*k + a - 3*k. Let l = -1 - 0. What is o(l)?
9
Let a(t) = 2*t**2 - t - 1. Let b be a(1). Let x(z) = -z**3 - z**2 + z + 15. Give x(b).
15
Let p(v) = 6*v - 23. Let z(i) = 3*i - 11. Let n(b) = -2*p(b) + 5*z(b). What is n(6)?
9
Let q be (1/(-1))/((-1)/2). Let r = -3 - q. Let h(k) be the first derivative of -k**2/2 + 2*k + 2. Calculate h(r).
7
Suppose 0 = 5*f - 4*f + f. Let d(u) = 2*u**2 + u + 7. Determine d(f).
7
Let g(h) = -5*h + 1. Suppose -2*m + 4*m - 2 = 0. Give g(m).
-4
Suppose -b - 87 = 5*p, 3*p + 3*b + 7 = -38. Let c be 15/(-6)*p/(-15). Let y(w) = -w + 1. Determine y(c).
4
Let t(b) be the second derivative of -b**5/20 + 2*b**3/3 + 3*b**2/2 + 8*b. Determine t(-2).
3
Let i(z) be the second derivative of z**3/3 + z**2 - z. Determine i(-2).
-2
Let j = 25 + -22. Let d(i) = 3*i - 4*i**3 - i - j*i + 5 + 5*i**3. Calculate d(0).
5
Let q(o) = -7*o + 3. Let p(s) = -11*s + 4. Let h(y) = -5*p(y) + 8*q(y). Let v be 2 - 4/1 - -6. Calculate h(v).
0
Let i(q) be the first derivative of -q**3/3 - 2*q**2 + 5*q - 7. What is i(-5)?
0
Let a(r) = r**3 - 5*r**2 + 3*r + 3. Let b be a(4). Let k be 0 + 7 - (-1 - b). Suppose k - 17 = 5*n. Let o(d) = -d + 2. What is o(n)?
4
Let g(h) be the second derivative of h**3/2 + 3*h**2 + h. Let l(d) = -2*d**2 + 5*d - 3. Let y be l(3). Give g(y).
-12
Let t(b) = b**2 + 2*b + 2. Let k be t(-3). Let u(h) = h**3 - 6*h**2 + 6*h + 4. Determine u(k).
9
Let h(a) = 9*a**3 + a**2 - a. Let m be 14/10 - 4/10. Let p be 4 + (-3 - m) + 2. L